i + 59, -2*s - 40 = 3*i. Let t(o) = 6*o**2 + 31*o + 18. Is t(s) prime?
False
Let h(v) be the second derivative of -4585*v**3/6 + 3*v**2 + 11*v + 1. Is h(-1) composite?
False
Let c(a) = -206*a + 4. Suppose -7*m + 25 = -2*m. Suppose 3 = -2*b - m*f + 7, -4*f + 2 = 2*b. Is c(b) prime?
False
Let y be ((-25)/10 - -1)*-2. Suppose 17137 = y*o - 5*x + 1424, 2*o - 10512 = -4*x. Suppose -11*w = -o - 4511. Is w prime?
True
Suppose -7*p = -1977 - 7949. Let m = p + -927. Is m prime?
True
Suppose -2*w - 49 = -5. Let d(t) = t**2 + 22*t + 14. Let u be d(w). Suppose -8*p - 5934 = -u*p. Is p prime?
False
Let s(l) = -l**3 + 53*l**2 - 139*l + 19. Is s(28) a composite number?
False
Let v be 1 - (-8)/(-6) - 119/(-51). Suppose -g = v*q - 2049, 3*g - 5*q = 2*g + 2084. Is g composite?
True
Let i be (-188505)/(-6) + (-3)/(-2). Suppose 132*q - i = 123*q. Is q prime?
True
Let m(a) = -29*a - 148. Let f be m(-5). Is (3079/f)/(19/(-3) - -6) prime?
True
Let n be (-7 + 209/33)*-39. Let r = -125 + 286. Suppose r = c - n. Is c prime?
False
Let u(v) = v**2 - v + 24. Let a(o) = -2*o - 15. Let l be a(-5). Let k be u(l). Suppose -2*r = 5*t - 827 - k, 5*r + 2*t = 2213. Is r composite?
False
Let q = 34 - 6. Let u be (3 + -1)*(-3878)/q. Let w = u + 612. Is w a prime number?
False
Let z(g) = 1221*g - 425. Is z(16) a composite number?
True
Suppose 8*q - 3680 = 18*q. Let t = 2677 + q. Is t composite?
False
Suppose 187*v - 185*v - 22 = 0. Suppose 9284 = v*d + 33*d. Is d a prime number?
True
Is (44010 - 3)*((-3)/(-6) - 3/18) composite?
False
Is 2/((-4)/7)*51/(2856/(-4697584)) a composite number?
False
Let o(w) = 89*w**2 - 3*w + 173. Is o(16) composite?
True
Suppose -28 = -4*k - 4. Let a be k/4 - 39/(-26). Suppose 3*u - 2*v - 749 = 0, -a = -5*v + 22. Is u a prime number?
False
Let q = 5585 + -2644. Is q a composite number?
True
Let a(g) = -48*g**2 - 48*g - 7 + 56 - 41*g**3 + 43*g**3. Is a(29) composite?
True
Suppose 0 = -5*i, -80*m + 77*m - 4*i + 51 = 0. Suppose -m*o + 14*o = -1011. Is o a composite number?
False
Let c(k) = 228*k**2 + 44*k - 283. Is c(7) composite?
False
Suppose 649*y + 80 = 641*y. Is (-32472)/y + (-2)/10 prime?
False
Suppose 5 = 5*w, 2*l - 2078 = 2*w - 0*w. Let c be l/4 - ((2 - 1) + -4). Let i = c + -157. Is i prime?
False
Let l be ((-6)/36*0)/1. Suppose -22*x + 29*x - 69986 = l. Is x composite?
True
Let o be ((-5)/(-5) + -2)*2. Is 25/o*(-7178)/185 a composite number?
True
Let f(w) = 25*w**3 + 21*w**2 - 53*w + 382. Is f(9) prime?
False
Let b(s) = 45*s**3 + 15*s**2 + 18*s - 59. Is b(22) composite?
False
Let y(u) = -30*u - 108. Let r be y(-4). Suppose 0 = -t + m + 1122, 2*m + r = 2. Is t a composite number?
False
Let t(g) = g**2 + 6*g - 11. Let n be t(-7). Let v be 25/(-4) - (n - (-75)/20). Let q(c) = -84*c - 17. Is q(v) prime?
True
Let y(n) = -58*n - 34. Let d be y(-5). Is (276928/d)/((-1)/(-4)) prime?
True
Suppose 3*f - 3*m + 3 = -5*m, -17 = -2*f + 5*m. Is (-4 + f - -2)*(-5 - 6542) a prime number?
True
Let o(p) = -p - 7. Let s be o(-2). Let f be (-108 + 12)/(1/s). Suppose -4*w = -3*j - 7*w + f, -2*j = -2*w - 308. Is j a prime number?
True
Let g(r) = 318*r**3 - 2*r**2 + 5*r - 7. Is g(2) prime?
True
Let v(g) = 18*g - 31. Let i be v(2). Suppose -8 = -q - 12, -5*q = i*l - 22545. Is l a composite number?
False
Suppose 0 = 21*o + 1882 + 6329. Let i = o - -1310. Is i a composite number?
False
Let l be 72/(-6)*3/4. Let i = l + 11. Suppose 253 = 2*k + 5*g, 5*k - i*k + 2*g = 396. Is k composite?
True
Is (-46789)/(-8)*4*2 composite?
True
Is (-46)/72 + (-29)/261 - (-41647)/4 prime?
False
Let v(z) = -2*z**3 + 47*z**2 - 27. Let s be v(23). Suppose -76 = -0*c - 4*c. Let o = c + s. Is o a composite number?
False
Suppose -j - 1 = 3. Let o(d) be the third derivative of -13*d**6/120 - d**5/12 - d**4/6 - d**3/6 + 5*d**2. Is o(j) composite?
True
Let g = -79 + 209. Suppose -f - q - g = -4*f, 3*f = 2*q + 134. Suppose 5*c + d = 321, -f = -c - d + 19. Is c a composite number?
True
Let v = -8774 - -3997. Let d = -296 - v. Is d prime?
True
Let l be 1/(2*3/(-18)). Let h(o) be the third derivative of -2*o**6/15 + o**5/30 + o**4/6 + o**3/6 - 2*o**2 - 2. Is h(l) a prime number?
True
Suppose -249315 = -513*g + 498*g. Is g a prime number?
False
Let f = 188 - 185. Suppose -f*d = -2130 - 639. Is d a prime number?
False
Suppose -15 = 6*w - 3*w + 3*h, 5*h + 25 = -4*w. Suppose -5*r + 12555 = 5*o, -3*r + 4*o - 6*o + 7529 = w. Is r prime?
False
Let y(n) be the first derivative of -n**2 + 26/3*n**3 + 7*n + 19. Is y(8) a prime number?
False
Let m(u) = 235*u - 11. Suppose 6*w - 91 + 55 = 0. Is m(w) a composite number?
False
Suppose 0 = 5*t + 3*y - 3, t - 3*t = 4*y - 4. Suppose -2*m + 9*m - 28 = t. Suppose 4*b + 780 = 4*d, -m*b - 130 = -d + 53. Is d prime?
True
Let i = -46751 + 124522. Is i a prime number?
False
Let x(b) = -1115*b - 914. Is x(-59) composite?
False
Let p be ((-336)/32)/(-1*15/10). Let q(a) = -a - 6. Let c be q(-8). Suppose 3*x - s = 4907, -c*s = p - 15. Is x a composite number?
False
Suppose 3*l + 811 = z, 5*l + 0*l + 4*z + 1363 = 0. Let c = 473 + l. Suppose 0 = 5*g - 4*j - 285, 0*j = 4*g + 2*j - c. Is g prime?
True
Suppose 4*i - 809569 = -3*r, -3*r + 22*i + 809561 = 24*i. Is r a prime number?
True
Let n(m) = 2*m**3 - 19*m**2 + 15*m + 8. Suppose 0 = 94*p - 99*p. Suppose p = 3*f + 3, -z + 12 + 6 = -4*f. Is n(z) a composite number?
True
Let l(x) = x**3 - 21*x**2 + 49*x - 60. Let s(t) = -3*t**3 + 41*t**2 - 98*t + 119. Let n(k) = -5*l(k) - 2*s(k). Is n(-25) prime?
True
Let v = 255360 + -118361. Is v a composite number?
False
Let l = -26609 - -50437. Suppose 4*z = 3*b - l + 8385, -4*z + 5121 = b. Is b a prime number?
False
Suppose -5*c = 14*c - 4389. Suppose -c - 271 = -2*u. Is u prime?
True
Suppose 2*t + 36 = -30*n + 26*n, -5*t + 4*n - 20 = 0. Is -7 - (203571 - 3)/t a composite number?
False
Let d(o) = -o**3 - 3*o**2 + 9*o - 6. Let u be d(3). Let j = -18 - u. Suppose -j*l - 907 = -16*l. Is l a composite number?
False
Let s = 19452 + 39025. Is s a composite number?
False
Let s(u) = -53*u + 18 - 27 + 17. Let n be s(4). Let j = n + 467. Is j a prime number?
True
Let j(a) = -128 + 3*a + 64 + 43 + 9*a + 3489*a**2 + 2*a. Is j(2) composite?
False
Let n = -61 - -63. Suppose 0 = 4*o - 5*o - n*s + 688, -o + 688 = 4*s. Let j = o - -373. Is j a prime number?
True
Let b be -9*(-2)/6*(9 + -1156). Let u = b - -10996. Is u composite?
True
Is (-156 + 155)*(0 - (0 - -124919)) a composite number?
False
Suppose 0 = 170*c - 104*c - 82*c + 9530576. Is c a prime number?
False
Suppose -2*u + 0 = -4. Suppose -6*t + u*t + 24 = 5*f, -2*f = 2*t - 14. Suppose 8*z + 2637 = t*z. Is z composite?
True
Let g(v) = -v + 119. Let h be g(40). Suppose -91 = -w + j, w + 0*w = -5*j + h. Is w a composite number?
False
Suppose -2*b = -0*b - 42. Let o = b - 21. Suppose o = -v - 2*v + 2937. Is v a prime number?
False
Let q(s) = -11152*s + 667. Is q(-16) a composite number?
False
Suppose 62*a - 16 = 60*a. Suppose 5*v = -2*d + 6306, a*d - 5*v = 3*d + 15695. Is d a prime number?
False
Suppose 0 = -60*t + 163*t - 3595421. Is t composite?
True
Let k be 20/16 + 5/(-20). Suppose 18*x = 27 - 81. Is (0 + 1)*x - (-540)/k composite?
True
Suppose -z + 2*z - 4*z + 274479 = 0. Is z a prime number?
True
Let n be 3/(-12) + 9/(-12). Let o(d) = -3918*d + 28. Let m be o(-1). Is 2/(n/(m/(-4))) a prime number?
True
Suppose 30*w - 37*w = 21. Is w/(-2 + (-2834)/(-1418)) prime?
False
Let t = 3 - 2. Let n be 75/30*4/5. Is n/13 - ((-4776)/52 + t) a prime number?
False
Let v(z) = z**3 - 1991. Let u be v(0). Let q = u + 6584. Is q a composite number?
True
Let r be (7*-7892)/(4/4*-2). Suppose -3*q - r = -17*q. Is q a prime number?
True
Let f be (-306)/(-81) + -4 - (-4)/18. Suppose f = 16*p + 14317 - 226973. Is p a prime number?
True
Suppose 5*b = -b + 180. Suppose -5*p + b = p. Suppose 8*f = p*f + 111. Is f a composite number?
False
Suppose -2*o = -7*o - 25, y + 21 = -4*o. Is -1 + 8190 + 3 + (-2 - y) a composite number?
False
Let o be -8*11/((-11)/2). Suppose 25*q - 10953 = o*q. Is q composite?
False
Suppose 454 = 5*i - 3*i. Suppose 2*d + 409 = 5*o, d + 0*o + 5*o + i = 0. Let r = 117 - d. Is r a composite number?
True
Suppose -2*y - 14 + 18 = 0. Is (-1 - 3 - -193) + y a composite number?
False
Is 257/1*-1*5*3341/(-65) a prime number?
False
Let y(s) = 5*s**2 + 13*s - 7. Let